it of (2/(-6))/(4/m)?
2
Let l = -89 - -93. Suppose 4*g - 12 = l. Suppose 5*h - 73 = -3*v + 346, 2*v + 322 = g*h. What is the tens digit of h?
8
Let l(g) = -380*g + 52. Let w be l(-3). Suppose 3*j + 2*z = w, -z - 1678 = -4*j - 85. What is the hundreds digit of j?
3
Let q(a) = 4*a**2 - 41*a + 3688. What is the units digit of q(75)?
3
Let b(q) = q**3 + q**2 - 9*q + 6. Let v be b(3). Let i(l) = -23*l + 37. Let x be i(v). What is the tens digit of 4*((-1375)/x + 2/7)?
1
Suppose 7*h + 8*h = 1950. Let w = -56 + h. What is the units digit of w?
4
Let q = -44 - -80. Suppose 5*p = -4*p + q. Suppose -p*w = 5*v - 480, -4*v = 5*w - 3*w - 246. What is the hundreds digit of w?
1
Let j(t) = -3*t + 8*t**2 + t - 2 - 14 + 0*t**2. What is the hundreds digit of j(7)?
3
Suppose k - 11781 = -3*f + 5416, 68833 = 4*k - 3*f. What is the hundreds digit of k?
2
Let h = 6665 + -5398. What is the thousands digit of h?
1
Let n(b) = 4 - 6*b - 2 - 1 - 31. Let x be n(-8). Let w = 19 - x. What is the units digit of w?
1
Suppose 260*z = -309*z + 25197868 + 1580979. What is the tens digit of z?
6
Let f(j) = 518*j - 1630. What is the tens digit of f(40)?
9
Let i = 13826 + -251. What is the hundreds digit of i?
5
Let i(s) = 278*s**2 + 9*s + 19. What is the thousands digit of i(-5)?
6
Let i(n) be the second derivative of n**4/12 - 7*n**3/2 + 61*n**2 - 15*n. What is the units digit of i(17)?
4
Let o(d) = 16*d + 0*d**2 - 64*d + 28*d + 4*d**2 + 4. What is the hundreds digit of o(-4)?
1
Let m(w) = 21*w**2 - 18*w**2 + 36 + 78*w - 16 + 29. What is the units digit of m(-34)?
5
Let w = 95046 + -65247. What is the tens digit of w?
9
Let o(y) = 26*y**2 + 5*y + 3. Let m be o(-4). Suppose 3*l = v + 949, 3*l = 2*v + 554 + m. What is the tens digit of l?
1
Let x(f) be the third derivative of 0*f + f**2 + 0 + 5/3*f**3 - 1/60*f**6 + 1/6*f**4 + 0*f**5. What is the tens digit of x(-3)?
5
Let p(x) = -4*x**3 + 40*x**2 - 12*x. What is the tens digit of p(8)?
1
Suppose i + 13 = 5*d - d, -3*i - 18 = -5*d. Suppose -t + 1 = 0, d*j - 2*t - 441 = -152. What is the tens digit of j + 2 - (2 + -2)?
9
Suppose -2*o - r + 2*r + 275 = 0, 694 = 5*o + 4*r. Let k = o - -161. What is the units digit of k?
9
Let j(b) = 564*b**2 + 10*b - 2. What is the hundreds digit of j(-3)?
0
Suppose 86*n - 824190 = 3*n. What is the thousands digit of n?
9
Let d(j) = -2698*j - 430. What is the ten thousands digit of d(-4)?
1
Let r(h) = 14*h + 16. Let x be r(-1). Suppose 711 = n - 2*f, 9*n - 12*n = x*f - 2133. What is the hundreds digit of n?
7
Let t(u) = u**3 + 8*u**2 - 30*u - 29. Let h be t(-13). Let l = h - -818. What is the tens digit of l?
3
Let y(h) = -25*h + 1161. Suppose 0 = 5*x - 3*l - 6 - 3, -3*x + l = -3. What is the thousands digit of y(x)?
1
Let s = 8952 + 29177. What is the tens digit of s?
2
Let r(v) = 12*v**2 - 21 + 8*v - 11*v**2 + 0*v**2. Let o be r(-11). Suppose 3*q = 282 + o. What is the tens digit of q?
9
Let q(h) = 26*h**2 + 3. Let l be q(-2). Let y(k) = k**3 + 3*k**2 + 4. Let d be y(-3). Suppose o - x = l, -d*o - x + 317 = -o. What is the hundreds digit of o?
1
Let t be 3384/(-54)*6/(-4). Let l = t - 67. Suppose 114 = 29*u - l*u. What is the tens digit of u?
5
What is the units digit of ((-6)/2 - 769)/((-116)/1102)?
4
Let v(f) = 309*f**3 + 11*f**2 + 6*f + 4. What is the hundreds digit of v(3)?
4
Suppose 1 = -v + 5*d + 9, 2*d = v - 14. Suppose 26*r - v*r = 4056. What is the hundreds digit of r?
5
Let t be (-3 - -1667 - 3) + 4/(-2). Let r = -1179 + t. What is the hundreds digit of r?
4
Let y(o) be the first derivative of -o**3/3 + 5*o**2/2 + 11*o + 40. Let s = -1 - -6. What is the tens digit of y(s)?
1
Let x(a) = 6*a + 247. Let j be x(-25). Suppose -103*g + j*g + 5730 = 0. What is the tens digit of g?
5
Suppose -n + 3*n + 18 = 0. Let u(b) = b + 11. Let d be u(n). Suppose 0*x + x = -d*t + 102, 4*x = -t + 51. What is the tens digit of t?
5
Suppose -36 = -0*x - 2*x - 2*z, 2*x + 4*z - 44 = 0. Suppose x - 194 = -3*y. Let c = y - 45. What is the units digit of c?
5
Suppose 3*u + 46 = g, 42 = -0*g + g - 2*u. Let w = g - 35. Let y = 16 + w. What is the units digit of y?
5
Let w = -42234 - -60866. What is the ten thousands digit of w?
1
Suppose 2*p + 3*w + 44 = -3*p, 3*p = -4*w - 33. What is the hundreds digit of (-106731)/(-469) - 1*3/p?
2
Let g be (-5)/150*-10*6. Suppose -3*y = 4*s - 104, 0*y = 3*y - 3*s - 132. Suppose -g*x + y = -x. What is the units digit of x?
0
Suppose -234*x - 328266 = -263*x - 53027. What is the hundreds digit of x?
4
Let v(u) = -463*u + 43. Let m(h) = -h - 5. Let w(c) = -5*m(c) + v(c). What is the units digit of w(-3)?
2
Suppose 2*c + 28*r = 29*r + 26289, -39423 = -3*c - 2*r. What is the hundreds digit of c?
1
Let o(l) = -3*l**2 - 18*l + 5. Let z(b) = 6*b**2 + 35*b - 10. Let p(d) = -5*o(d) - 2*z(d). Let q be p(-7). Suppose q*y - 28 = -2. What is the units digit of y?
3
Let p = 87472 + -47952. What is the units digit of p?
0
Let d = 1136 - 641. Suppose -10*g + 7*g + d = 0. Suppose 0 = -4*k + h + 225, 3*k - 3*h = -6*h + g. What is the units digit of k?
6
Suppose 4683*f - 4633*f - 344350 = 0. What is the units digit of f?
7
Let o(q) = -1183*q + 387. What is the units digit of o(-7)?
8
Suppose 77 = 7*n - 91. Suppose -n*p + 18*p + 1098 = 0. What is the hundreds digit of p?
1
Suppose 3*r + 427 = -4*n, 5*n - 2*n = -12. Let c = -931 + 1089. Let p = c + r. What is the tens digit of p?
2
Let f(d) = 168*d + 237. Let h be f(-22). What is the tens digit of (190/(-285))/(2/h)?
5
Let i(v) = 59*v + 41. Suppose -5*l + 0*l - 45 = 0. Let d(f) = -30*f - 21. Let x(j) = l*d(j) - 4*i(j). What is the units digit of x(4)?
1
Let c(b) = 2*b**3 - 4*b**2 + 12*b - 8. Let d(a) = 10*a - 25. Let t be d(3). What is the tens digit of c(t)?
0
Let t be (-20)/35 + ((-135)/21)/1. What is the hundreds digit of (2 + t + 8)*739/3?
7
Let o be 2/10*3 + 39/(-15). Let p(g) = -43*g**3 + g**2 - g - 3. What is the hundreds digit of p(o)?
3
Let u(p) = 202*p. Let y be u(1). Suppose 0*k = 3*w - 4*k - 574, w = 4*k + y. Suppose -4*v + w = 2*n - 192, 4*n - 12 = 0. What is the units digit of v?
3
Let n(g) = -3*g**2 - 2*g - 5. Let f be n(10). Let w = f - -465. What is the units digit of w?
0
Let t(d) = d**3 + 3*d**2 - 3*d - 5. Let h be t(-2). Suppose -h*p + 1224 = 164. Suppose 3*r - 2*y = 215 + p, -5 = y. What is the units digit of r?
9
Let n(g) = 2*g**2 + 25*g - 14. Let p(v) = 3*v**2 + 48*v - 28. Let t(l) = 11*n(l) - 6*p(l). What is the thousands digit of t(19)?
1
Suppose -451*x - 319425 = -432*x - 1267506. What is the tens digit of x?
9
Suppose -d + 5033 = -12292. Suppose 0 = -30*z + 5*z + d. What is the hundreds digit of z?
6
Let d = -43 + -530. Let j = d - -1061. What is the hundreds digit of j?
4
Let k(g) = g**2 + 10*g + 5. Let n be k(-10). Suppose n*u - z = 76, 3*u - 2*u - 28 = -3*z. Let m = u + 55. What is the tens digit of m?
7
Let n be 5/(-10)*(108/3)/3. Let v(w) = -w**3 + 3*w**2 + 16*w + 8. Let p be v(n). Suppose 2*f + 445 = 5*r, -p = -3*r + 4*f + 17. What is the units digit of r?
1
Suppose 3*m - 9*m + 1200 = 0. Suppose -2*t - 990 - m = -5*o, 0 = 3*o - 3*t - 705. Suppose h + 9*h = o. What is the units digit of h?
4
Suppose h = -3*y + 2*h - 15, 3*y + 15 = -3*h. What is the units digit of 561 - y/(-10)*-10?
6
Let h = 71 + -66. Let u(o) = h*o**3 - 37*o**2 - 3*o + 15*o**3 + 1 - 3*o**3 + 38*o**2. What is the units digit of u(2)?
5
Suppose 112*k = 109*k + 180. What is the hundreds digit of ((-730)/k*-3)/(1/6)?
2
Let x(m) be the second derivative of -29/6*m**3 - 23*m - 13/6*m**4 + 0 - 35/2*m**2 - 1/20*m**5. What is the tens digit of x(-25)?
6
Let x be (-6)/4 + 14060/8. Suppose -4*o + 4*c = 2*c - x, 4*o - 5*c = 1762. What is the units digit of o?
8
Let p(y) = -31*y - 35. Let o(w) = -61*w - 69. Let j(i) = -4*o(i) + 7*p(i). What is the tens digit of j(4)?
3
Suppose 2*d = -5*n + 1548, -7*n + 2*n + 20 = 0. Suppose 5*t + 0*j - 948 = 2*j, 0 = 4*t + 4*j - d. Suppose -83 = -7*u + t. What is the tens digit of u?
3
Let u = -10 - 7. Let y = u - -89. What is the tens digit of y?
7
Let x(j) = j**3 + 93*j**2 + 4 - 14 - 71*j**2 - 26*j. Let f = -7 + -16. What is the units digit of x(f)?
9
Suppose m + 640 = 4*y - 2*m, -2*y + 320 = 3*m. Suppose 3*d = -z + y, -5*d + z + 244 = -3*z. What is the units digit of -4 - -4 - 3 - d*-2?
1
Let d(r) = 44*r + 278. What is the hun